{"id":1641,"date":"2025-03-21T19:20:32","date_gmt":"2025-03-21T17:20:32","guid":{"rendered":"https:\/\/barbarosa.ro\/?product=carnati-proaspeti-patricieni"},"modified":"2026-01-06T23:02:10","modified_gmt":"2026-01-06T21:02:10","slug":"carnati-proaspeti-patricieni","status":"publish","type":"product","link":"https:\/\/barbarosa.ro\/?product=carnati-proaspeti-patricieni","title":{"rendered":"Carnati Patricieni din vita Angus si porc Bazna (Proaspeti)"},"content":{"rendered":"<p data-start=\"243\" data-end=\"756\">Carnati Patricieni din vita Angus si porc Bazna sunt un produs artizanal realizat dintr-un amestec atent echilibrat de carne de lucru de vit\u0103 Angus \u0219i carne de lucru de porc, selec\u021bionate pentru suculen\u021b\u0103, gust \u0219i consisten\u021b\u0103. Re\u021beta este una curat\u0103 \u0219i tradi\u021bional\u0103, bazat\u0103 exclusiv pe condimente naturale \u2013 cimbru, usturoi \u0219i coriandru \u2013 care completeaz\u0103 aroma c\u0103rnii f\u0103r\u0103 a o masca. Umplu\u021bi \u00een membran\u0103 natural\u0103 comestibil\u0103, c\u00e2rna\u021bii au o textur\u0103 ferm\u0103, bine legat\u0103 \u0219i un gust intens, autentic, specific preparatelor rom\u00e2ne\u0219ti de calitate.<\/p>\n<p data-start=\"758\" data-end=\"933\">Sunt ideali pentru g\u0103tire la gr\u0103tar, tigaie sau cuptor, dar \u0219i ca ingredient principal \u00een preparate consistente, servite cu legume coapte, cartofi, fasole, varz\u0103 sau m\u0103m\u0103lig\u0103.<\/p>\n<p data-start=\"935\" data-end=\"1140\"><b>S<\/b>e potrivesc excelent cu vinuri ro\u0219ii tinere \u0219i fructate (Feteasc\u0103 Neagr\u0103, Merlot), bere artizanal\u0103 brun\u0103 sau blond\u0103 nefiltrat\u0103, dar \u0219i cu mur\u0103turi clasice sau salate cu aciditate echilibrat\u0103.<\/p>\n<p data-start=\"1142\" data-end=\"1331\"><strong data-start=\"1142\" data-end=\"1158\">Ingrediente:<\/strong> carne de lucru vit\u0103 Angus, carne de lucru porc, cimbru, usturoi, coriandru, sare, piper, membran\u0103 natural\u0103 comestibil\u0103.<br data-start=\"1278\" data-end=\"1281\" \/>Produs f\u0103r\u0103 conservan\u021bi, f\u0103r\u0103 aditivi, f\u0103r\u0103 E-uri.<\/p>\n<p data-start=\"1142\" data-end=\"1331\">Greutate: 500gr\/caserola<\/p>\n<p data-start=\"1333\" data-end=\"1547\"><strong data-start=\"1333\" data-end=\"1385\">Valori nutri\u021bionale medii \/ 100 g:<\/strong><\/p>\n<p>Valoare energetica (kJ\/ kcal): 1098\/165<\/p>\n<p>Grasimi (gr): 23.2g, din care acizi grasi saturati (gr): 9.6<\/p>\n<p>Glucide (gr): 2.1g, din care zaharuri (gr): 0.8<\/p>\n<p>Proteine (gr): 12.0<\/p>\n<p>Sare (gr): 2.1<\/p>\n<p>Greutate: 500gr\/caserola<\/p>\n","protected":false},"excerpt":{"rendered":"<p data-start=\"243\" data-end=\"756\">C\u00e2rna\u021bii Patricieni sunt un produs artizanal realizat dintr-un amestec atent echilibrat de carne de lucru de vit\u0103 Angus \u0219i carne de lucru de porc, selec\u021bionate pentru suculen\u021b\u0103, gust \u0219i consisten\u021b\u0103. Re\u021beta este una curat\u0103 \u0219i tradi\u021bional\u0103, bazat\u0103 exclusiv pe condimente naturale \u2013 cimbru, usturoi \u0219i coriandru \u2013 care completeaz\u0103 aroma c\u0103rnii f\u0103r\u0103 a o masca. Umplu\u021bi \u00een membran\u0103 natural\u0103 comestibil\u0103, c\u00e2rna\u021bii au o textur\u0103 ferm\u0103, bine legat\u0103 \u0219i un gust intens, autentic, specific preparatelor rom\u00e2ne\u0219ti de calitate.<\/p>\n<p data-start=\"758\" data-end=\"933\">Sunt ideali pentru g\u0103tire la gr\u0103tar, tigaie sau cuptor, dar \u0219i ca ingredient principal \u00een preparate consistente, servite cu legume coapte, cartofi, fasole, varz\u0103 sau m\u0103m\u0103lig\u0103.<\/p>\n<p data-start=\"935\" data-end=\"1140\"><b>S<\/b>e potrivesc excelent cu vinuri ro\u0219ii tinere \u0219i fructate (Feteasc\u0103 Neagr\u0103, Merlot), bere artizanal\u0103 brun\u0103 sau blond\u0103 nefiltrat\u0103, dar \u0219i cu mur\u0103turi clasice sau salate cu aciditate echilibrat\u0103.<\/p>\n<p data-start=\"1142\" data-end=\"1331\"><strong data-start=\"1142\" data-end=\"1158\">Ingrediente:<\/strong> carne de lucru vit\u0103 Angus, carne de lucru porc, cimbru, usturoi, coriandru, sare, piper, membran\u0103 natural\u0103 comestibil\u0103.<br data-start=\"1278\" data-end=\"1281\" \/>Produs f\u0103r\u0103 conservan\u021bi, f\u0103r\u0103 aditivi, f\u0103r\u0103 E-uri.<\/p>\n<p data-start=\"1142\" data-end=\"1331\">Greutate: 500gr\/caserola<\/p>\n<p data-start=\"1333\" data-end=\"1547\"><strong data-start=\"1333\" data-end=\"1385\">Valori nutri\u021bionale medii \/ 100 g:<\/strong><\/p>\n<p>Valoare energetica (kJ\/ kcal): 1098\/165<\/p>\n<p>Grasimi (gr): 23.2g, din care acizi grasi saturati (gr): 9.6<\/p>\n<p>Glucide (gr): 2.1g, din care zaharuri (gr): 0.8<\/p>\n<p>Proteine (gr): 12.0<\/p>\n<p>Sare (gr): 2.1<\/p>\n<p>Greutate: 500gr\/caserola<\/p>\n","protected":false},"featured_media":15759,"comment_status":"closed","ping_status":"closed","template":"","meta":[],"product_brand":[168],"product_cat":[105,106],"product_tag":[323,324,325,345,331,332,326,327,333,346,328,334],"class_list":{"0":"post-1641","1":"product","2":"type-product","3":"status-publish","4":"has-post-thumbnail","6":"product_brand-ferma-de-angus-bazna","7":"product_cat-vita","8":"product_cat-porc","9":"product_tag-carnati-artizanali","10":"product_tag-carnati-fara-aditivi","11":"product_tag-carnati-fara-conservanti","12":"product_tag-carnati-patricieni","13":"product_tag-carnati-pentru-gratar","14":"product_tag-carnati-pentru-tigaie","15":"product_tag-carnati-premium","16":"product_tag-carnati-proaspeti","17":"product_tag-carnati-traditionali","18":"product_tag-carnati-vita-angus-porc","19":"product_tag-produse-macelaresti","20":"product_tag-produse-romanesti","22":"first","23":"instock","24":"featured","25":"taxable","26":"shipping-taxable","27":"purchasable","28":"product-type-simple"},"jetpack_sharing_enabled":true,"_links":{"self":[{"href":"https:\/\/barbarosa.ro\/index.php?rest_route=\/wp\/v2\/product\/1641","targetHints":{"allow":["GET"]}}],"collection":[{"href":"https:\/\/barbarosa.ro\/index.php?rest_route=\/wp\/v2\/product"}],"about":[{"href":"https:\/\/barbarosa.ro\/index.php?rest_route=\/wp\/v2\/types\/product"}],"replies":[{"embeddable":true,"href":"https:\/\/barbarosa.ro\/index.php?rest_route=%2Fwp%2Fv2%2Fcomments&post=1641"}],"version-history":[{"count":12,"href":"https:\/\/barbarosa.ro\/index.php?rest_route=\/wp\/v2\/product\/1641\/revisions"}],"predecessor-version":[{"id":15846,"href":"https:\/\/barbarosa.ro\/index.php?rest_route=\/wp\/v2\/product\/1641\/revisions\/15846"}],"wp:featuredmedia":[{"embeddable":true,"href":"https:\/\/barbarosa.ro\/index.php?rest_route=\/wp\/v2\/media\/15759"}],"wp:attachment":[{"href":"https:\/\/barbarosa.ro\/index.php?rest_route=%2Fwp%2Fv2%2Fmedia&parent=1641"}],"wp:term":[{"taxonomy":"product_brand","embeddable":true,"href":"https:\/\/barbarosa.ro\/index.php?rest_route=%2Fwp%2Fv2%2Fproduct_brand&post=1641"},{"taxonomy":"product_cat","embeddable":true,"href":"https:\/\/barbarosa.ro\/index.php?rest_route=%2Fwp%2Fv2%2Fproduct_cat&post=1641"},{"taxonomy":"product_tag","embeddable":true,"href":"https:\/\/barbarosa.ro\/index.php?rest_route=%2Fwp%2Fv2%2Fproduct_tag&post=1641"}],"curies":[{"name":"wp","href":"https:\/\/api.w.org\/{rel}","templated":true}]}}