{"id":9778,"date":"2025-05-31T14:23:17","date_gmt":"2025-05-31T11:23:17","guid":{"rendered":"https:\/\/barbarosa.ro\/?product=pulpa-de-rata-3825g-12-buc"},"modified":"2025-12-01T20:03:18","modified_gmt":"2025-12-01T18:03:18","slug":"pulpa-de-rata-3825g-12-buc","status":"publish","type":"product","link":"https:\/\/barbarosa.ro\/?product=pulpa-de-rata-3825g-12-buc","title":{"rendered":"Pulpe de rata confiate 3825g (12 buc)"},"content":{"rendered":"<p>Pulpa de rata confiata este un preparat traditional rafinat, g\u0103tit lent \u00een propria grasime p\u00e2n\u0103 la ob\u021binerea unei texturi fragede \u0219i arome intense. Re\u021beta este originar\u0103 din sud-vestul Fran\u021bei \u0219i este realizat\u0103 artizanal, \u00een loturi mici, prin metode autentice de conservare \u00een gr\u0103sime.<\/p>\n<p>Este ideal\u0103 pentru mese festive sau preparate rapide de zi cu zi \u2014 se poate rumeni \u00een cuptor, la tigaie sau \u00een friteuz\u0103 cu aer cald, iar carnea se desprinde u\u0219or de pe os. Se potrive\u0219te perfect cu piure de cartofi, varz\u0103 ro\u0219ie c\u0103lit\u0103, linte, legume sotate sau chiar paste proaspete.<\/p>\n<p>Este un produs 100% natural, f\u0103r\u0103 E-uri, f\u0103r\u0103 conservan\u021bi \u0219i f\u0103r\u0103 aditivi. Este preparat din carne de ra\u021b\u0103 atent selec\u021bionat\u0103, asezonat\u0103 doar cu sare \u0219i condimente naturale, apoi conservat\u0103 \u00een propria gr\u0103sime.<\/p>\n<p>Se potrive\u0219te perfect cu un vin ro\u0219u sec, matur, din soiuri precum Merlot sau Pinot Noir, care echilibreaz\u0103 bog\u0103\u021bia gustului specific ra\u021bei confiate.<\/p>\n<p>Ingrediente: pulpe de ra\u021b\u0103, gr\u0103sime de ra\u021b\u0103, sare, piper, usturoi.<\/p>\n<p>Valoare energetic\u0103 (kJ\/ kcal): 1490 \/ 360<\/p>\n<p>Gr\u0103simi (gr): 33<\/p>\n<p>din care acizi gra\u0219i satura\u021bi (gr): 11<\/p>\n<p>Glucide (gr): 0,3<\/p>\n<p>din care zaharuri (gr): 0<\/p>\n<p>Proteine (gr): 17<\/p>\n<p>Sare (gr): 1,6<\/p>\n<p>Alergeni: nu con\u021bine<\/p>\n","protected":false},"excerpt":{"rendered":"<p>Pulpa de rata confiata este un preparat tradi\u021bional rafinat, g\u0103tit lent \u00een propria gr\u0103sime p\u00e2n\u0103 la ob\u021binerea unei texturi fragede \u0219i arome intense. Re\u021beta este originar\u0103 din sud-vestul Fran\u021bei \u0219i este realizat\u0103 artizanal, \u00een loturi mici, prin metode autentice de conservare \u00een gr\u0103sime.<\/p>\n<p>Este ideal\u0103 pentru mese festive sau preparate rapide de zi cu zi \u2014 se poate rumeni \u00een cuptor, la tigaie sau \u00een friteuz\u0103 cu aer cald, iar carnea se desprinde u\u0219or de pe os. Se potrive\u0219te perfect cu piure de cartofi, varz\u0103 ro\u0219ie c\u0103lit\u0103, linte, legume sotate sau chiar paste proaspete.<\/p>\n<p>Este un produs 100% natural, f\u0103r\u0103 E-uri, f\u0103r\u0103 conservan\u021bi \u0219i f\u0103r\u0103 aditivi. Este preparat din carne de ra\u021b\u0103 atent selec\u021bionat\u0103, asezonat\u0103 doar cu sare \u0219i condimente naturale, apoi conservat\u0103 \u00een propria gr\u0103sime.<\/p>\n<p>Se potrive\u0219te perfect cu un vin ro\u0219u sec, matur, din soiuri precum Merlot sau Pinot Noir, care echilibreaz\u0103 bog\u0103\u021bia gustului specific ra\u021bei confiate.<\/p>\n<p>Ingrediente: pulpe de ra\u021b\u0103, gr\u0103sime de ra\u021b\u0103, sare, piper, usturoi.<\/p>\n<p>Valoare energetic\u0103 (kJ\/ kcal): 1490 \/ 360<\/p>\n<p>Gr\u0103simi (gr): 33<\/p>\n<p>din care acizi gra\u0219i satura\u021bi (gr): 11<\/p>\n<p>Glucide (gr): 0,3<\/p>\n<p>din care zaharuri (gr): 0<\/p>\n<p>Proteine (gr): 17<\/p>\n<p>Sare (gr): 1,6<\/p>\n<p>Alergeni: nu con\u021bine<\/p>\n","protected":false},"featured_media":9920,"comment_status":"closed","ping_status":"closed","template":"","meta":[],"product_brand":[177],"product_cat":[175],"product_tag":[],"class_list":{"0":"post-9778","1":"product","2":"type-product","3":"status-publish","4":"has-post-thumbnail","6":"product_brand-international-lrm","7":"product_cat-conserve","9":"first","10":"instock","11":"featured","12":"taxable","13":"shipping-taxable","14":"purchasable","15":"product-type-simple"},"jetpack_sharing_enabled":true,"_links":{"self":[{"href":"https:\/\/barbarosa.ro\/index.php?rest_route=\/wp\/v2\/product\/9778","targetHints":{"allow":["GET"]}}],"collection":[{"href":"https:\/\/barbarosa.ro\/index.php?rest_route=\/wp\/v2\/product"}],"about":[{"href":"https:\/\/barbarosa.ro\/index.php?rest_route=\/wp\/v2\/types\/product"}],"replies":[{"embeddable":true,"href":"https:\/\/barbarosa.ro\/index.php?rest_route=%2Fwp%2Fv2%2Fcomments&post=9778"}],"version-history":[{"count":6,"href":"https:\/\/barbarosa.ro\/index.php?rest_route=\/wp\/v2\/product\/9778\/revisions"}],"predecessor-version":[{"id":12144,"href":"https:\/\/barbarosa.ro\/index.php?rest_route=\/wp\/v2\/product\/9778\/revisions\/12144"}],"wp:featuredmedia":[{"embeddable":true,"href":"https:\/\/barbarosa.ro\/index.php?rest_route=\/wp\/v2\/media\/9920"}],"wp:attachment":[{"href":"https:\/\/barbarosa.ro\/index.php?rest_route=%2Fwp%2Fv2%2Fmedia&parent=9778"}],"wp:term":[{"taxonomy":"product_brand","embeddable":true,"href":"https:\/\/barbarosa.ro\/index.php?rest_route=%2Fwp%2Fv2%2Fproduct_brand&post=9778"},{"taxonomy":"product_cat","embeddable":true,"href":"https:\/\/barbarosa.ro\/index.php?rest_route=%2Fwp%2Fv2%2Fproduct_cat&post=9778"},{"taxonomy":"product_tag","embeddable":true,"href":"https:\/\/barbarosa.ro\/index.php?rest_route=%2Fwp%2Fv2%2Fproduct_tag&post=9778"}],"curies":[{"name":"wp","href":"https:\/\/api.w.org\/{rel}","templated":true}]}}