{"id":9783,"date":"2025-05-31T14:23:22","date_gmt":"2025-05-31T11:23:22","guid":{"rendered":"https:\/\/barbarosa.ro\/?product=ulei-masline-extra-virgin-parqueoliva-aove-dop-5l"},"modified":"2025-12-21T21:24:16","modified_gmt":"2025-12-21T19:24:16","slug":"ulei-masline-extra-virgin-parqueoliva-aove-dop-5l","status":"publish","type":"product","link":"https:\/\/barbarosa.ro\/?product=ulei-masline-extra-virgin-parqueoliva-aove-dop-5l","title":{"rendered":"Ulei Masline Extra Virgin Parqueoliva Aove DOP 5l"},"content":{"rendered":"<p>Uleiul de m\u0103sline extravirgin Parqueoliva AOVE este un ulei de calitate superioar\u0103, ob\u021binut exclusiv prin presare la rece din soiurile de m\u0103sline Hojiblanca \u0219i Picuda, cultivate \u00een regiunea Subb\u00e9tica, Andaluzia \u2014 recunoscut\u0103 cu Denumire de Origine Protejat\u0103 (DOP Priego de C\u00f3rdoba). Are o arom\u0103 intens fructat\u0103, cu note de iarb\u0103 verde, migdale \u0219i m\u0103r, \u0219i un gust echilibrat cu am\u0103real\u0103 \u0219i iute pl\u0103cut.<\/p>\n<p>Este ideal pentru salate, legume la abur sau gr\u0103tar, pe\u0219te alb, carne de pas\u0103re sau preparate tradi\u021bionale mediteraneene. Datorit\u0103 intensit\u0103\u021bii sale aromatice, se recomand\u0103 \u0219i ca adaos la finalul g\u0103titului pentru un plus de prospe\u021bime.<\/p>\n<p>Este un produs 100% natural, ob\u021binut doar prin procedee mecanice. Ambalat \u00een recipient metalic de 5L care protejeaz\u0103 uleiul de lumin\u0103 \u0219i p\u0103streaz\u0103 nealterate calit\u0103\u021bile sale nutritive \u0219i organoleptice.<\/p>\n<p>Ingrediente: ulei de m\u0103sline extravirgin (Hojiblanca \u0219i Picuda), origine: Spania (DOP Priego de C\u00f3rdoba).<\/p>\n<p>Valoare energetic\u0103 (kJ\/ kcal): 3389 \/ 824<\/p>\n<p>Gr\u0103simi (gr): 91,6<\/p>\n<p>din care acizi gra\u0219i satura\u021bi (gr): 13<\/p>\n<p>Glucide (gr): 0<\/p>\n<p>din care zaharuri (gr): 0<\/p>\n<p>Proteine (gr): 0<\/p>\n<p>Sare (gr): 0<\/p>\n<p>Alergeni: nu con\u021bine<\/p>\n","protected":false},"excerpt":{"rendered":"<p>Uleiul de m\u0103sline extravirgin Parqueoliva AOVE este un ulei de calitate superioar\u0103, ob\u021binut exclusiv prin presare la rece din soiurile de m\u0103sline Hojiblanca \u0219i Picuda, cultivate \u00een regiunea Subb\u00e9tica, Andaluzia \u2014 recunoscut\u0103 cu Denumire de Origine Protejat\u0103 (DOP Priego de C\u00f3rdoba). Are o arom\u0103 intens fructat\u0103, cu note de iarb\u0103 verde, migdale \u0219i m\u0103r, \u0219i un gust echilibrat cu am\u0103real\u0103 \u0219i iute pl\u0103cut.<\/p>\n<p>Este ideal pentru salate, legume la abur sau gr\u0103tar, pe\u0219te alb, carne de pas\u0103re sau preparate tradi\u021bionale mediteraneene. Datorit\u0103 intensit\u0103\u021bii sale aromatice, se recomand\u0103 \u0219i ca adaos la finalul g\u0103titului pentru un plus de prospe\u021bime.<\/p>\n<p>Este un produs 100% natural, ob\u021binut doar prin procedee mecanice. Ambalat \u00een recipient metalic de 5L care protejeaz\u0103 uleiul de lumin\u0103 \u0219i p\u0103streaz\u0103 nealterate calit\u0103\u021bile sale nutritive \u0219i organoleptice.<\/p>\n<p>Ingrediente: ulei de m\u0103sline extravirgin (Hojiblanca \u0219i Picuda), origine: Spania (DOP Priego de C\u00f3rdoba).<\/p>\n<p>Valoare energetic\u0103 (kJ\/ kcal): 3389 \/ 824<\/p>\n<p>Gr\u0103simi (gr): 91,6<\/p>\n<p>din care acizi gra\u0219i satura\u021bi (gr): 13<\/p>\n<p>Glucide (gr): 0<\/p>\n<p>din care zaharuri (gr): 0<\/p>\n<p>Proteine (gr): 0<\/p>\n<p>Sare (gr): 0<\/p>\n<p>Alergeni: nu con\u021bine<\/p>\n","protected":false},"featured_media":9812,"comment_status":"closed","ping_status":"closed","template":"","meta":[],"product_brand":[177],"product_cat":[176],"product_tag":[],"class_list":{"0":"post-9783","1":"product","2":"type-product","3":"status-publish","4":"has-post-thumbnail","6":"product_brand-international-lrm","7":"product_cat-ulei-otet","9":"first","10":"instock","11":"featured","12":"taxable","13":"shipping-taxable","14":"purchasable","15":"product-type-simple"},"jetpack_sharing_enabled":true,"_links":{"self":[{"href":"https:\/\/barbarosa.ro\/index.php?rest_route=\/wp\/v2\/product\/9783","targetHints":{"allow":["GET"]}}],"collection":[{"href":"https:\/\/barbarosa.ro\/index.php?rest_route=\/wp\/v2\/product"}],"about":[{"href":"https:\/\/barbarosa.ro\/index.php?rest_route=\/wp\/v2\/types\/product"}],"replies":[{"embeddable":true,"href":"https:\/\/barbarosa.ro\/index.php?rest_route=%2Fwp%2Fv2%2Fcomments&post=9783"}],"version-history":[{"count":4,"href":"https:\/\/barbarosa.ro\/index.php?rest_route=\/wp\/v2\/product\/9783\/revisions"}],"predecessor-version":[{"id":12149,"href":"https:\/\/barbarosa.ro\/index.php?rest_route=\/wp\/v2\/product\/9783\/revisions\/12149"}],"wp:featuredmedia":[{"embeddable":true,"href":"https:\/\/barbarosa.ro\/index.php?rest_route=\/wp\/v2\/media\/9812"}],"wp:attachment":[{"href":"https:\/\/barbarosa.ro\/index.php?rest_route=%2Fwp%2Fv2%2Fmedia&parent=9783"}],"wp:term":[{"taxonomy":"product_brand","embeddable":true,"href":"https:\/\/barbarosa.ro\/index.php?rest_route=%2Fwp%2Fv2%2Fproduct_brand&post=9783"},{"taxonomy":"product_cat","embeddable":true,"href":"https:\/\/barbarosa.ro\/index.php?rest_route=%2Fwp%2Fv2%2Fproduct_cat&post=9783"},{"taxonomy":"product_tag","embeddable":true,"href":"https:\/\/barbarosa.ro\/index.php?rest_route=%2Fwp%2Fv2%2Fproduct_tag&post=9783"}],"curies":[{"name":"wp","href":"https:\/\/api.w.org\/{rel}","templated":true}]}}