{"id":9785,"date":"2025-05-31T14:23:24","date_gmt":"2025-05-31T11:23:24","guid":{"rendered":"https:\/\/barbarosa.ro\/?product=otet-balsamic-crema-500-ml"},"modified":"2025-12-01T20:03:22","modified_gmt":"2025-12-01T18:03:22","slug":"otet-balsamic-crema-500-ml","status":"publish","type":"product","link":"https:\/\/barbarosa.ro\/?product=otet-balsamic-crema-500-ml","title":{"rendered":"Otet Balsamic Crema 500 ml"},"content":{"rendered":"<p>O\u021betul balsamic crem\u0103 este o reduc\u021bie concentrat\u0103 pe baz\u0103 de o\u021bet balsamic de Modena, cu o consisten\u021b\u0103 dens\u0103 \u0219i lucioas\u0103 \u0219i un gust echilibrat \u00eentre dulce \u0219i acru. Se ob\u021bine prin fierbere lent\u0103 a mustului de struguri \u0219i o\u021betului balsamic, f\u0103r\u0103 adaosuri artificiale, p\u0103str\u00e2nd aromele intense \u0219i naturale ale ingredientelor.<\/p>\n<p>Este ideal pentru decorarea \u0219i aromatizarea salatelor, br\u00e2nzeturilor fine, c\u0103rnurilor la gr\u0103tar, fructelor proaspete sau deserturilor. Textura sa cremoas\u0103 permite aplicarea precis\u0103 direct din sticl\u0103, ad\u0103ug\u00e2nd un plus de elegan\u021b\u0103 \u0219i gust oric\u0103rui preparat.<\/p>\n<p>Este un produs natural, f\u0103r\u0103 coloran\u021bi, f\u0103r\u0103 \u00eendulcitori artificiali \u0219i f\u0103r\u0103 amidon modificat, cu ingrediente de calitate superioar\u0103 atent selec\u021bionate.<\/p>\n<p>Ingrediente: must de struguri concentrat, o\u021bet balsamic din Modena (o\u021bet din vin, must de struguri), amidon de porumb.<\/p>\n<p>Valoare energetic\u0103 (kJ\/ kcal): 897 \/ 211<\/p>\n<p>Gr\u0103simi (gr): 0<\/p>\n<p>din care acizi gra\u0219i satura\u021bi (gr): 0<\/p>\n<p>Glucide (gr): 49<\/p>\n<p>din care zaharuri (gr): 46<\/p>\n<p>Proteine (gr): 1<\/p>\n<p>Sare (gr): 0,05<\/p>\n<p>Alergeni: nu con\u021bine<\/p>\n","protected":false},"excerpt":{"rendered":"<p>O\u021betul balsamic crem\u0103 este o reduc\u021bie concentrat\u0103 pe baz\u0103 de o\u021bet balsamic de Modena, cu o consisten\u021b\u0103 dens\u0103 \u0219i lucioas\u0103 \u0219i un gust echilibrat \u00eentre dulce \u0219i acru. Se ob\u021bine prin fierbere lent\u0103 a mustului de struguri \u0219i o\u021betului balsamic, f\u0103r\u0103 adaosuri artificiale, p\u0103str\u00e2nd aromele intense \u0219i naturale ale ingredientelor.<\/p>\n<p>Este ideal pentru decorarea \u0219i aromatizarea salatelor, br\u00e2nzeturilor fine, c\u0103rnurilor la gr\u0103tar, fructelor proaspete sau deserturilor. Textura sa cremoas\u0103 permite aplicarea precis\u0103 direct din sticl\u0103, ad\u0103ug\u00e2nd un plus de elegan\u021b\u0103 \u0219i gust oric\u0103rui preparat.<\/p>\n<p>Este un produs natural, f\u0103r\u0103 coloran\u021bi, f\u0103r\u0103 \u00eendulcitori artificiali \u0219i f\u0103r\u0103 amidon modificat, cu ingrediente de calitate superioar\u0103 atent selec\u021bionate.<\/p>\n<p>Ingrediente: must de struguri concentrat, o\u021bet balsamic din Modena (o\u021bet din vin, must de struguri), amidon de porumb.<\/p>\n<p>Valoare energetic\u0103 (kJ\/ kcal): 897 \/ 211<\/p>\n<p>Gr\u0103simi (gr): 0<\/p>\n<p>din care acizi gra\u0219i satura\u021bi (gr): 0<\/p>\n<p>Glucide (gr): 49<\/p>\n<p>din care zaharuri (gr): 46<\/p>\n<p>Proteine (gr): 1<\/p>\n<p>Sare (gr): 0,05<\/p>\n<p>Alergeni: nu con\u021bine<\/p>\n","protected":false},"featured_media":9866,"comment_status":"closed","ping_status":"closed","template":"","meta":[],"product_brand":[177],"product_cat":[176],"product_tag":[],"class_list":{"0":"post-9785","1":"product","2":"type-product","3":"status-publish","4":"has-post-thumbnail","6":"product_brand-international-lrm","7":"product_cat-ulei-otet","9":"first","10":"instock","11":"featured","12":"taxable","13":"shipping-taxable","14":"purchasable","15":"product-type-simple"},"jetpack_sharing_enabled":true,"_links":{"self":[{"href":"https:\/\/barbarosa.ro\/index.php?rest_route=\/wp\/v2\/product\/9785","targetHints":{"allow":["GET"]}}],"collection":[{"href":"https:\/\/barbarosa.ro\/index.php?rest_route=\/wp\/v2\/product"}],"about":[{"href":"https:\/\/barbarosa.ro\/index.php?rest_route=\/wp\/v2\/types\/product"}],"replies":[{"embeddable":true,"href":"https:\/\/barbarosa.ro\/index.php?rest_route=%2Fwp%2Fv2%2Fcomments&post=9785"}],"version-history":[{"count":4,"href":"https:\/\/barbarosa.ro\/index.php?rest_route=\/wp\/v2\/product\/9785\/revisions"}],"predecessor-version":[{"id":12151,"href":"https:\/\/barbarosa.ro\/index.php?rest_route=\/wp\/v2\/product\/9785\/revisions\/12151"}],"wp:featuredmedia":[{"embeddable":true,"href":"https:\/\/barbarosa.ro\/index.php?rest_route=\/wp\/v2\/media\/9866"}],"wp:attachment":[{"href":"https:\/\/barbarosa.ro\/index.php?rest_route=%2Fwp%2Fv2%2Fmedia&parent=9785"}],"wp:term":[{"taxonomy":"product_brand","embeddable":true,"href":"https:\/\/barbarosa.ro\/index.php?rest_route=%2Fwp%2Fv2%2Fproduct_brand&post=9785"},{"taxonomy":"product_cat","embeddable":true,"href":"https:\/\/barbarosa.ro\/index.php?rest_route=%2Fwp%2Fv2%2Fproduct_cat&post=9785"},{"taxonomy":"product_tag","embeddable":true,"href":"https:\/\/barbarosa.ro\/index.php?rest_route=%2Fwp%2Fv2%2Fproduct_tag&post=9785"}],"curies":[{"name":"wp","href":"https:\/\/api.w.org\/{rel}","templated":true}]}}