{"id":9799,"date":"2025-05-31T14:23:40","date_gmt":"2025-05-31T11:23:40","guid":{"rendered":"https:\/\/barbarosa.ro\/?product=pesto-de-fistic-o-sole-560g"},"modified":"2025-12-21T21:22:07","modified_gmt":"2025-12-21T19:22:07","slug":"pesto-de-fistic-o-sole-560g","status":"publish","type":"product","link":"https:\/\/barbarosa.ro\/?product=pesto-de-fistic-o-sole-560g","title":{"rendered":"Pesto de Fistic O sole 560g"},"content":{"rendered":"<p>Pesto-ul de fistic O\u2019Sole este o crem\u0103 fin\u0103 \u0219i parfumat\u0103, realizat\u0103 din fistic atent selec\u021bionat, ulei vegetal \u0219i br\u00e2nzeturi maturate, dup\u0103 o re\u021bet\u0103 mediteranean\u0103 cu influen\u021be siciliene. Are o culoare intens\u0103, textur\u0103 catifelat\u0103 \u0219i un gust bogat, cu note de nuci \u0219i lapte, echilibrat de un strop de usturoi.<\/p>\n<p>Este ideal pentru paste, risotto, tartine, bruschete, umpluturi pentru carne alb\u0103 sau pe\u0219te, dar \u0219i ca baz\u0103 pentru sosuri calde sau dressinguri reci. Aduce un plus de rafinament preparatelor simple \u0219i se combin\u0103 excelent cu legume coapte sau br\u00e2nzeturi moi.<\/p>\n<p>Este un produs f\u0103r\u0103 coloran\u021bi, f\u0103r\u0103 conservan\u021bi artificiali \u0219i f\u0103r\u0103 arome sintetice. Con\u021bine un procent ridicat de fistic \u0219i este preparat \u00een loturi controlate pentru a p\u0103stra autenticitatea ingredientelor.<\/p>\n<p>Ingrediente: fistic decojit 65%, ulei de flaorea soarelui, sare.<\/p>\n<p>Greutate neta: 560 gr<\/p>\n<p>Valoare energetic\u0103 (kJ\/ kcal): 2940 \/ 711<\/p>\n<p>Gr\u0103simi (gr): 67.3<\/p>\n<p>din care acizi gra\u0219i satura\u021bi (gr): 6,5<\/p>\n<p>Glucide (gr): 20.1<\/p>\n<p>din care zaharuri (gr): 7.5<\/p>\n<p>Fibre (gr): 8<\/p>\n<p>Proteine (gr): 7.2<\/p>\n<p>Sare (gr): 2<\/p>\n<p>Alergeni: con\u021bine fistic \u0219i lapte<\/p>\n","protected":false},"excerpt":{"rendered":"<p>Pesto-ul de fistic O\u2019Sole este o crem\u0103 fin\u0103 \u0219i parfumat\u0103, realizat\u0103 din fistic atent selec\u021bionat, ulei vegetal \u0219i br\u00e2nzeturi maturate, dup\u0103 o re\u021bet\u0103 mediteranean\u0103 cu influen\u021be siciliene. Are o culoare intens\u0103, textur\u0103 catifelat\u0103 \u0219i un gust bogat, cu note de nuci \u0219i lapte, echilibrat de un strop de usturoi.<\/p>\n<p>Este ideal pentru paste, risotto, tartine, bruschete, umpluturi pentru carne alb\u0103 sau pe\u0219te, dar \u0219i ca baz\u0103 pentru sosuri calde sau dressinguri reci. Aduce un plus de rafinament preparatelor simple \u0219i se combin\u0103 excelent cu legume coapte sau br\u00e2nzeturi moi.<\/p>\n<p>Este un produs f\u0103r\u0103 coloran\u021bi, f\u0103r\u0103 conservan\u021bi artificiali \u0219i f\u0103r\u0103 arome sintetice. Con\u021bine un procent ridicat de fistic \u0219i este preparat \u00een loturi controlate pentru a p\u0103stra autenticitatea ingredientelor.<\/p>\n<p>Ingrediente: fistic decojit 65%, ulei de flaorea soarelui, sare.<\/p>\n<p>Greutate neta: 560 gr<\/p>\n<p>Valoare energetic\u0103 (kJ\/ kcal): 2940 \/ 711<\/p>\n<p>Gr\u0103simi (gr): 67.3<\/p>\n<p>din care acizi gra\u0219i satura\u021bi (gr): 6,5<\/p>\n<p>Glucide (gr): 20.1<\/p>\n<p>din care zaharuri (gr): 7.5<\/p>\n<p>Fibre (gr): 8<\/p>\n<p>Proteine (gr): 7.2<\/p>\n<p>Sare (gr): 2<\/p>\n<p>Alergeni: con\u021bine fistic \u0219i lapte<\/p>\n","protected":false},"featured_media":9854,"comment_status":"closed","ping_status":"closed","template":"","meta":[],"product_brand":[177],"product_cat":[175],"product_tag":[],"class_list":{"0":"post-9799","1":"product","2":"type-product","3":"status-publish","4":"has-post-thumbnail","6":"product_brand-international-lrm","7":"product_cat-conserve","9":"first","10":"instock","11":"featured","12":"taxable","13":"shipping-taxable","14":"purchasable","15":"product-type-simple"},"jetpack_sharing_enabled":true,"_links":{"self":[{"href":"https:\/\/barbarosa.ro\/index.php?rest_route=\/wp\/v2\/product\/9799","targetHints":{"allow":["GET"]}}],"collection":[{"href":"https:\/\/barbarosa.ro\/index.php?rest_route=\/wp\/v2\/product"}],"about":[{"href":"https:\/\/barbarosa.ro\/index.php?rest_route=\/wp\/v2\/types\/product"}],"replies":[{"embeddable":true,"href":"https:\/\/barbarosa.ro\/index.php?rest_route=%2Fwp%2Fv2%2Fcomments&post=9799"}],"version-history":[{"count":6,"href":"https:\/\/barbarosa.ro\/index.php?rest_route=\/wp\/v2\/product\/9799\/revisions"}],"predecessor-version":[{"id":12165,"href":"https:\/\/barbarosa.ro\/index.php?rest_route=\/wp\/v2\/product\/9799\/revisions\/12165"}],"wp:featuredmedia":[{"embeddable":true,"href":"https:\/\/barbarosa.ro\/index.php?rest_route=\/wp\/v2\/media\/9854"}],"wp:attachment":[{"href":"https:\/\/barbarosa.ro\/index.php?rest_route=%2Fwp%2Fv2%2Fmedia&parent=9799"}],"wp:term":[{"taxonomy":"product_brand","embeddable":true,"href":"https:\/\/barbarosa.ro\/index.php?rest_route=%2Fwp%2Fv2%2Fproduct_brand&post=9799"},{"taxonomy":"product_cat","embeddable":true,"href":"https:\/\/barbarosa.ro\/index.php?rest_route=%2Fwp%2Fv2%2Fproduct_cat&post=9799"},{"taxonomy":"product_tag","embeddable":true,"href":"https:\/\/barbarosa.ro\/index.php?rest_route=%2Fwp%2Fv2%2Fproduct_tag&post=9799"}],"curies":[{"name":"wp","href":"https:\/\/api.w.org\/{rel}","templated":true}]}}