{"id":9801,"date":"2025-05-31T14:23:42","date_gmt":"2025-05-31T11:23:42","guid":{"rendered":"https:\/\/barbarosa.ro\/?product=ton-bucati-in-ulei-o-sole-1-73-kg"},"modified":"2025-12-01T22:58:58","modified_gmt":"2025-12-01T20:58:58","slug":"ton-bucati-in-ulei-o-sole-1-73-kg","status":"publish","type":"product","link":"https:\/\/barbarosa.ro\/?product=ton-bucati-in-ulei-o-sole-1-73-kg","title":{"rendered":"Ton Bucati In Ulei O Sole 1.73 KG"},"content":{"rendered":"<p>Tonul buc\u0103\u021bi \u00een ulei O\u2019Sole este un produs de calitate superioar\u0103, ob\u021binut din fileuri fragede de ton t\u0103iate \u00een buc\u0103\u021bi mari \u0219i conservate \u00een ulei vegetal. Are o textur\u0103 compact\u0103, gust savuros \u0219i echilibru perfect \u00eentre carnea de pe\u0219te \u0219i gr\u0103simea de conservare, fiind ideal pentru uz profesional sau re\u021bete de familie.<\/p>\n<p>Este ideal pentru salate, sandwich-uri, paste, pizza, platouri reci, aperitive sau umpluturi. Se poate folosi ca atare sau integrat \u00een preparate calde, men\u021bin\u00e2ndu-\u0219i consisten\u021ba \u0219i aroma.<\/p>\n<p>Este un produs natural, f\u0103r\u0103 aditivi artificiali \u0219i f\u0103r\u0103 conservan\u021bi chimici. Buc\u0103\u021bile de ton sunt atent selec\u021bionate \u0219i ambalate \u00een ulei pentru a le p\u0103stra suculen\u021ba \u0219i savoarea autentic\u0103.<\/p>\n<p>Greutate neta: 1730 gr<\/p>\n<p>Greutate scursa: 1250 gr<\/p>\n<p>Ingrediente: ton Skipjack Tuna, ulei vegetal (floarea-soarelui), sare.<\/p>\n<p>Valoare energetic\u0103 (kJ\/ kcal): 690 \/ 165<\/p>\n<p>Gr\u0103simi (gr): 0<\/p>\n<p>din care acizi gra\u0219i satura\u021bi (gr): 0<\/p>\n<p>Glucide (gr): 9<\/p>\n<p>din care zaharuri (gr): 1.5<\/p>\n<p>Proteine (gr): 21<\/p>\n<p>Sare (gr): 2<\/p>\n<p>Alergeni: con\u021bine pe\u0219te (ton)<\/p>\n","protected":false},"excerpt":{"rendered":"<p>Tonul buc\u0103\u021bi \u00een ulei O\u2019Sole este un produs de calitate superioar\u0103, ob\u021binut din fileuri fragede de ton t\u0103iate \u00een buc\u0103\u021bi mari \u0219i conservate \u00een ulei vegetal. Are o textur\u0103 compact\u0103, gust savuros \u0219i echilibru perfect \u00eentre carnea de pe\u0219te \u0219i gr\u0103simea de conservare, fiind ideal pentru uz profesional sau re\u021bete de familie.<\/p>\n<p>Este ideal pentru salate, sandwich-uri, paste, pizza, platouri reci, aperitive sau umpluturi. Se poate folosi ca atare sau integrat \u00een preparate calde, men\u021bin\u00e2ndu-\u0219i consisten\u021ba \u0219i aroma.<\/p>\n<p>Este un produs natural, f\u0103r\u0103 aditivi artificiali \u0219i f\u0103r\u0103 conservan\u021bi chimici. Buc\u0103\u021bile de ton sunt atent selec\u021bionate \u0219i ambalate \u00een ulei pentru a le p\u0103stra suculen\u021ba \u0219i savoarea autentic\u0103.<\/p>\n<p>Greutate neta: 1730 gr<\/p>\n<p>Greutate scursa: 1250 gr<\/p>\n<p>Ingrediente: ton Skipjack Tuna, ulei vegetal (floarea-soarelui), sare.<\/p>\n<p>Valoare energetic\u0103 (kJ\/ kcal): 690 \/ 165<\/p>\n<p>Gr\u0103simi (gr): 0<\/p>\n<p>din care acizi gra\u0219i satura\u021bi (gr): 0<\/p>\n<p>Glucide (gr): 9<\/p>\n<p>din care zaharuri (gr): 1.5<\/p>\n<p>Proteine (gr): 21<\/p>\n<p>Sare (gr): 2<\/p>\n<p>Alergeni: con\u021bine pe\u0219te (ton)<\/p>\n","protected":false},"featured_media":9856,"comment_status":"closed","ping_status":"closed","template":"","meta":[],"product_brand":[177],"product_cat":[175],"product_tag":[],"class_list":{"0":"post-9801","1":"product","2":"type-product","3":"status-publish","4":"has-post-thumbnail","6":"product_brand-international-lrm","7":"product_cat-conserve","9":"first","10":"instock","11":"featured","12":"taxable","13":"shipping-taxable","14":"purchasable","15":"product-type-simple"},"jetpack_sharing_enabled":true,"_links":{"self":[{"href":"https:\/\/barbarosa.ro\/index.php?rest_route=\/wp\/v2\/product\/9801","targetHints":{"allow":["GET"]}}],"collection":[{"href":"https:\/\/barbarosa.ro\/index.php?rest_route=\/wp\/v2\/product"}],"about":[{"href":"https:\/\/barbarosa.ro\/index.php?rest_route=\/wp\/v2\/types\/product"}],"replies":[{"embeddable":true,"href":"https:\/\/barbarosa.ro\/index.php?rest_route=%2Fwp%2Fv2%2Fcomments&post=9801"}],"version-history":[{"count":6,"href":"https:\/\/barbarosa.ro\/index.php?rest_route=\/wp\/v2\/product\/9801\/revisions"}],"predecessor-version":[{"id":12167,"href":"https:\/\/barbarosa.ro\/index.php?rest_route=\/wp\/v2\/product\/9801\/revisions\/12167"}],"wp:featuredmedia":[{"embeddable":true,"href":"https:\/\/barbarosa.ro\/index.php?rest_route=\/wp\/v2\/media\/9856"}],"wp:attachment":[{"href":"https:\/\/barbarosa.ro\/index.php?rest_route=%2Fwp%2Fv2%2Fmedia&parent=9801"}],"wp:term":[{"taxonomy":"product_brand","embeddable":true,"href":"https:\/\/barbarosa.ro\/index.php?rest_route=%2Fwp%2Fv2%2Fproduct_brand&post=9801"},{"taxonomy":"product_cat","embeddable":true,"href":"https:\/\/barbarosa.ro\/index.php?rest_route=%2Fwp%2Fv2%2Fproduct_cat&post=9801"},{"taxonomy":"product_tag","embeddable":true,"href":"https:\/\/barbarosa.ro\/index.php?rest_route=%2Fwp%2Fv2%2Fproduct_tag&post=9801"}],"curies":[{"name":"wp","href":"https:\/\/api.w.org\/{rel}","templated":true}]}}